{"id":194,"date":"2016-07-26T17:14:51","date_gmt":"2016-07-26T21:14:51","guid":{"rendered":"http:\/\/www.chemtec.com.py\/?page_id=194"},"modified":"2016-07-28T18:34:02","modified_gmt":"2016-07-28T22:34:02","slug":"insecticidas","status":"publish","type":"page","link":"http:\/\/www.chemtec.com.py\/?page_id=194","title":{"rendered":"INSECTICIDAS"},"content":{"rendered":"<table style=\"width: 100%;\">\n<tbody>\n<tr>\n<td style=\"width: 226px; text-align: center;\"><img loading=\"lazy\" decoding=\"async\" class=\"size-medium wp-image-244 alignnone\" src=\"http:\/\/www.chemtec.com.py\/wp-content\/uploads\/2016\/07\/matador-217x300.png\" alt=\"matador\" width=\"217\" height=\"300\" srcset=\"http:\/\/www.chemtec.com.py\/wp-content\/uploads\/2016\/07\/matador-217x300.png 217w, http:\/\/www.chemtec.com.py\/wp-content\/uploads\/2016\/07\/matador-768x1064.png 768w, http:\/\/www.chemtec.com.py\/wp-content\/uploads\/2016\/07\/matador-739x1024.png 739w, http:\/\/www.chemtec.com.py\/wp-content\/uploads\/2016\/07\/matador.png 1299w\" sizes=\"(max-width: 217px) 100vw, 217px\" \/><\/td>\n<td style=\"width: 576px;\">\n<h6><strong>MATADOR \u00ae Thiodicarb 75 WP<\/strong><\/h6>\n<p>Es un insecticida espec\u00edfico para el control de larvas de lepid\u00f3pteros que afecta a diversos cultivos. No afecta a insectos ben\u00e9ficos. Act\u00faa por contacto o ingesti\u00f3n inhibiendo la s\u00edntesis de la acetilcolinesterasa lo que inactiva la producci\u00f3n de la acetilcolina, con la siguiente interrupci\u00f3n del impulso nervioso.<\/p>\n<p>Caja x 10 kg. Conteniendo 20 sobres de 500 gr\u00a0con 4 sobres hidrosolubles x 125 gr. c\/u<\/td>\n<\/tr>\n<\/tbody>\n<\/table>\n<table style=\"width: 100%;\">\n<tbody>\n<tr>\n<td style=\"width: 225px; text-align: center;\"><img loading=\"lazy\" decoding=\"async\" class=\"size-medium wp-image-246 alignnone\" src=\"http:\/\/www.chemtec.com.py\/wp-content\/uploads\/2016\/07\/magic-229x300.png\" alt=\"magic\" width=\"229\" height=\"300\" srcset=\"http:\/\/www.chemtec.com.py\/wp-content\/uploads\/2016\/07\/magic-229x300.png 229w, http:\/\/www.chemtec.com.py\/wp-content\/uploads\/2016\/07\/magic-768x1006.png 768w, http:\/\/www.chemtec.com.py\/wp-content\/uploads\/2016\/07\/magic-782x1024.png 782w, http:\/\/www.chemtec.com.py\/wp-content\/uploads\/2016\/07\/magic.png 1299w\" sizes=\"(max-width: 229px) 100vw, 229px\" \/><\/td>\n<td style=\"width: 577px;\">\n<h6><strong>MAGIC\u00ae | <em>Alfametrina 20% SC<\/em><\/strong><\/h6>\n<p>Es un piretroide sint\u00e9tico a base de Alfa-cipermetrina. Controla insectos masticadores, como orugas cortadoras, vaquitas, langostas y hormigas cortadoras. La alta pureza y la forma activa que presenta el is\u00f3mero de alfametrina le confieren caracter\u00edsticas \u00fanicas, aumentando su eficacia en relaci\u00f3n con otros piretroides. Su formulaci\u00f3n en base acuosa permite su mezcla sin inconvenientes con\u00a0otros defensivos agr\u00edcolas.<\/p>\n<p style=\"text-align: right;\"><strong>Bid\u00f3n de 5 L.<\/strong><\/p>\n<p style=\"text-align: right;\"><strong>Botella de 1 L y 250 cc.<\/strong><\/p>\n<\/td>\n<\/tr>\n<\/tbody>\n<\/table>\n<table style=\"width: 100%;\">\n<tbody>\n<tr>\n<td style=\"width: 106px;\"><img loading=\"lazy\" decoding=\"async\" class=\"alignnone size-medium wp-image-322\" src=\"http:\/\/www.chemtec.com.py\/wp-content\/uploads\/2016\/07\/acef-a-t-300x232.png\" alt=\"acef-a-t\" width=\"300\" height=\"232\" srcset=\"http:\/\/www.chemtec.com.py\/wp-content\/uploads\/2016\/07\/acef-a-t-300x232.png 300w, http:\/\/www.chemtec.com.py\/wp-content\/uploads\/2016\/07\/acef-a-t-768x594.png 768w, http:\/\/www.chemtec.com.py\/wp-content\/uploads\/2016\/07\/acef-a-t-1024x793.png 1024w, http:\/\/www.chemtec.com.py\/wp-content\/uploads\/2016\/07\/acef-a-t.png 1358w\" sizes=\"(max-width: 300px) 100vw, 300px\" \/><\/td>\n<td style=\"width: 317px;\"><strong>ACEF-A-T 75\u00ae | Acefato 75% SP<\/strong>Insecticida de amplio espectro, de acci\u00f3n sist\u00e9mica y de contacto; adecuado para el MIP (Manejo Integrado de Plagas) por su acci\u00f3n selectiva para las plagas de cultivo y baja toxicidad para animales de sangre caliente y peces.<\/p>\n<p style=\"text-align: right;\"><strong>Caja x 10 kg Conteniendo 20 sobres de 500 gr.<\/strong><\/p>\n<\/td>\n<\/tr>\n<\/tbody>\n<\/table>\n<table style=\"width: 445px;\">\n<tbody>\n<tr>\n<td style=\"width: 107px;\"><img loading=\"lazy\" decoding=\"async\" class=\"alignnone size-medium wp-image-324\" src=\"http:\/\/www.chemtec.com.py\/wp-content\/uploads\/2016\/07\/efecto-1l-144x300.png\" alt=\"efecto 1l\" width=\"144\" height=\"300\" srcset=\"http:\/\/www.chemtec.com.py\/wp-content\/uploads\/2016\/07\/efecto-1l-144x300.png 144w, http:\/\/www.chemtec.com.py\/wp-content\/uploads\/2016\/07\/efecto-1l-493x1024.png 493w, http:\/\/www.chemtec.com.py\/wp-content\/uploads\/2016\/07\/efecto-1l.png 654w\" sizes=\"(max-width: 144px) 100vw, 144px\" \/><\/td>\n<td style=\"width: 316px;\">\n<h6><strong>EFECTO\u00ae | <em>Imidacloprid 30% \/ Alfametrina 10% SC<\/em><\/strong><\/h6>\n<p>Combina dos insecticidas que controlan simult\u00e1neamente insectos chupadores y cortadores que atacan a los cultivos. Es eficiente contra chinches y orugas con el menor impacto ambiental, menos costo por dos y mayor efecto residual. La simbiosis ideal entre\u00a0un producto de volteo con uno sist\u00e9mico, para aumentar el espectro de control y tener mayor residualidad en el control selectivo de plagas de la mayor\u00eda de los cultivos.<\/p>\n<p style=\"text-align: right;\"><strong>Caja Bag-In-Box 20 L.<\/strong><\/p>\n<p style=\"text-align: right;\"><strong>Bid\u00f3n de 5 L, botella de 1 L.<\/strong><\/p>\n<\/td>\n<\/tr>\n<\/tbody>\n<\/table>\n<table style=\"width: 100%;\">\n<tbody>\n<tr>\n<td style=\"width: 107px; text-align: center;\"><img loading=\"lazy\" decoding=\"async\" class=\"alignnone size-medium wp-image-326\" src=\"http:\/\/www.chemtec.com.py\/wp-content\/uploads\/2016\/07\/bronco-1l-1-136x300.png\" alt=\"bronco 1l-1\" width=\"136\" height=\"300\" srcset=\"http:\/\/www.chemtec.com.py\/wp-content\/uploads\/2016\/07\/bronco-1l-1-136x300.png 136w, http:\/\/www.chemtec.com.py\/wp-content\/uploads\/2016\/07\/bronco-1l-1-464x1024.png 464w, http:\/\/www.chemtec.com.py\/wp-content\/uploads\/2016\/07\/bronco-1l-1.png 615w\" sizes=\"(max-width: 136px) 100vw, 136px\" \/><\/td>\n<td style=\"width: 316px;\">\n<h6><strong>BRONCO\u00ae 48 | <em>Clorpirif\u00f3s 48% EC<\/em><\/strong><\/h6>\n<p>BRONCO es un insecticida-acaricida de acci\u00f3n sist\u00e9mica, de contacto, ingesti\u00f3n e inhalaci\u00f3n, gran persistencia y alta efectividad. Tiene una persistencia de dos a tres semanas en el cultivo, dependiendo de las condiciones externas. Es muy efectivo para el control de insectos chupadores como de masticadores.<\/p>\n<p style=\"text-align: right;\"><strong>Caja Bag-In-Box 20 L.<\/strong><\/p>\n<p style=\"text-align: right;\"><strong>Bid\u00f3n de 5 L, Botella de 1 L.<\/strong><\/p>\n<\/td>\n<\/tr>\n<\/tbody>\n<\/table>\n<table style=\"width: 100%;\">\n<tbody>\n<tr>\n<td style=\"width: 108px; text-align: center;\"><img loading=\"lazy\" decoding=\"async\" class=\"alignnone size-medium wp-image-328\" src=\"http:\/\/www.chemtec.com.py\/wp-content\/uploads\/2016\/07\/acetamiprid-223x300.png\" alt=\"acetamiprid\" width=\"223\" height=\"300\" srcset=\"http:\/\/www.chemtec.com.py\/wp-content\/uploads\/2016\/07\/acetamiprid-223x300.png 223w, http:\/\/www.chemtec.com.py\/wp-content\/uploads\/2016\/07\/acetamiprid-768x1033.png 768w, http:\/\/www.chemtec.com.py\/wp-content\/uploads\/2016\/07\/acetamiprid-762x1024.png 762w, http:\/\/www.chemtec.com.py\/wp-content\/uploads\/2016\/07\/acetamiprid.png 1010w\" sizes=\"(max-width: 223px) 100vw, 223px\" \/><\/td>\n<td style=\"width: 315px;\">\n<h6><strong>ACETAMIPRID\u00ae | <em>Acetamiprid 70% WP<\/em><\/strong><\/h6>\n<p>Insecticida que act\u00faa por ingesti\u00f3n y contacto, afectando el sistema nervioso central de los insectos. Especial para combatir la mosca blanca, pulgones y trip. Curativo y Erradicativo. Presenta una acci\u00f3n r\u00e1pida y largo efecto residual. Es altamente sist\u00e9mico y\u00a0traslaminar, por lo que es bien absorbido por el follaje y las ra\u00edces.<\/p>\n<p style=\"text-align: right;\"><strong>Cajas de 10 kg Con 20 sobres met\u00e1licos.<\/strong><\/p>\n<p style=\"text-align: right;\"><strong>Conteniendo 4 sobres hidrosolubles de 125 gr c\/u.<\/strong><\/p>\n<\/td>\n<\/tr>\n<\/tbody>\n<\/table>\n<table style=\"width: 100%;\">\n<tbody>\n<tr>\n<td style=\"width: 110px; text-align: center;\"><img loading=\"lazy\" decoding=\"async\" class=\"alignnone size-medium wp-image-330\" src=\"http:\/\/www.chemtec.com.py\/wp-content\/uploads\/2016\/07\/bravo-1l-140x300.png\" alt=\"bravo 1l\" width=\"140\" height=\"300\" srcset=\"http:\/\/www.chemtec.com.py\/wp-content\/uploads\/2016\/07\/bravo-1l-140x300.png 140w, http:\/\/www.chemtec.com.py\/wp-content\/uploads\/2016\/07\/bravo-1l-478x1024.png 478w, http:\/\/www.chemtec.com.py\/wp-content\/uploads\/2016\/07\/bravo-1l.png 634w\" sizes=\"(max-width: 140px) 100vw, 140px\" \/><\/td>\n<td style=\"width: 313px;\"><strong>BRAVO\u00ae 35 | <em>Imidacloprid 35% SC<\/em><\/strong>Insecticida sist\u00e9mico que act\u00faa por contacto e ingesti\u00f3n, con un control eficiente sobre los insectos chupadores como: pulgones, chinches, trips y mosca blanca con efecto tambi\u00e9n sobre los masticadores. Por su formulaci\u00f3n, tiene facilidad de mezcla con otros fitosanitarios.<\/p>\n<p style=\"text-align: right;\"><strong>Caja Bag-In-Box 20 L.<\/strong><\/p>\n<p style=\"text-align: right;\"><strong>Bid\u00f3n de 5 L, Botella de 1 Ly 250cc.<\/strong><\/p>\n<\/td>\n<\/tr>\n<\/tbody>\n<\/table>\n<table style=\"width: 445px;\">\n<tbody>\n<tr>\n<td style=\"width: 111px; text-align: center;\"><img loading=\"lazy\" decoding=\"async\" class=\"alignnone size-medium wp-image-332\" src=\"http:\/\/www.chemtec.com.py\/wp-content\/uploads\/2016\/07\/averchem-135x300.png\" alt=\"averchem\" width=\"135\" height=\"300\" srcset=\"http:\/\/www.chemtec.com.py\/wp-content\/uploads\/2016\/07\/averchem-135x300.png 135w, http:\/\/www.chemtec.com.py\/wp-content\/uploads\/2016\/07\/averchem-462x1024.png 462w, http:\/\/www.chemtec.com.py\/wp-content\/uploads\/2016\/07\/averchem.png 613w\" sizes=\"(max-width: 135px) 100vw, 135px\" \/><\/td>\n<td style=\"width: 312px;\">\n<h6><strong>AVERCHEM\u00ae | <em>Abamectina 1,8% EC<\/em><\/strong><\/h6>\n<p>Insecticida que act\u00faa por ingesti\u00f3n y contacto, afectando el sistema nervioso central de los insectos. Especial para combatir la mosca blanca, pulgones y trip. Curativo y Erradicativo. Presenta una acci\u00f3n r\u00e1pida y largo efecto residual. Es altamente sist\u00e9mico y\u00a0traslaminar, por lo que es bien absorbido por el follaje y las ra\u00edces.<\/p>\n<p style=\"text-align: right;\"><strong>Cajas de 10 kg Con 20 sobres met\u00e1licos.<\/strong><\/p>\n<p style=\"text-align: right;\"><strong>Conteniendo 4 sobres hidrosolubles de 125 gr c\/u.<\/strong><\/p>\n<\/td>\n<\/tr>\n<\/tbody>\n<\/table>\n<table style=\"width: 100%;\">\n<tbody>\n<tr>\n<td style=\"width: 112px; text-align: center;\"><img loading=\"lazy\" decoding=\"async\" class=\"alignnone size-medium wp-image-334\" src=\"http:\/\/www.chemtec.com.py\/wp-content\/uploads\/2016\/07\/ditec_wp_500-210x300.png\" alt=\"ditec_wp_500\" width=\"210\" height=\"300\" srcset=\"http:\/\/www.chemtec.com.py\/wp-content\/uploads\/2016\/07\/ditec_wp_500-210x300.png 210w, http:\/\/www.chemtec.com.py\/wp-content\/uploads\/2016\/07\/ditec_wp_500-768x1096.png 768w, http:\/\/www.chemtec.com.py\/wp-content\/uploads\/2016\/07\/ditec_wp_500-718x1024.png 718w, http:\/\/www.chemtec.com.py\/wp-content\/uploads\/2016\/07\/ditec_wp_500.png 952w\" sizes=\"(max-width: 210px) 100vw, 210px\" \/><\/td>\n<td style=\"width: 311px;\">\n<h6><strong>DITEC\u00ae 75 Y 25 | <em>Diflubenzuron 75% \/ 25% WP<\/em><\/strong><\/h6>\n<p>Insecticida fisiol\u00f3gico de \u00faltima generaci\u00f3n y m\u00e1xima concentraci\u00f3n que inhibe el desarrollo de la joven larva en el huevo depositado en la planta, despu\u00e9s del tratamiento en hojas y frutos. Su efecto radica en la inhibici\u00f3n de la s\u00edntesis de la quitina que imposibilita el cambio de piel de las larvas j\u00f3venes de las lepid\u00f3pteras (espec\u00edficamente Noctuidae). Estable en el follaje. No genera resistencia ni\u00a0contamina el ambiente.<\/p>\n<p style=\"text-align: right;\"><strong>Caja de 12 Kg Con 24 sobres met\u00e1licos de 500 gr conteniendo 4 sobres hidrosolubles de 125 gr c\/u.<\/strong><\/p>\n<\/td>\n<\/tr>\n<\/tbody>\n<\/table>\n<table style=\"width: 100%;\">\n<tbody>\n<tr>\n<td style=\"width: 112px; text-align: center;\"><img loading=\"lazy\" decoding=\"async\" class=\"alignnone size-medium wp-image-336\" src=\"http:\/\/www.chemtec.com.py\/wp-content\/uploads\/2016\/07\/eficaz-135x300.png\" alt=\"eficaz\" width=\"135\" height=\"300\" srcset=\"http:\/\/www.chemtec.com.py\/wp-content\/uploads\/2016\/07\/eficaz-135x300.png 135w, http:\/\/www.chemtec.com.py\/wp-content\/uploads\/2016\/07\/eficaz-461x1024.png 461w, http:\/\/www.chemtec.com.py\/wp-content\/uploads\/2016\/07\/eficaz.png 611w\" sizes=\"(max-width: 135px) 100vw, 135px\" \/><\/td>\n<td style=\"width: 311px;\"><strong>EFICAZ\u00ae | <em>Fipronil 70% WP<\/em><\/strong>Insecticida de aplicaci\u00f3n foliar. Act\u00faa por contacto e ingesti\u00f3n, afectando a los insectos del suelo que da\u00f1an los cultivos; adem\u00e1s de controlar hormigas y termitas. Controla plagas de suelo, insectos cortadores y chupadores.<\/p>\n<p style=\"text-align: right;\"><strong>Caja de 10 Kg Con 20 sobres met\u00e1licos de 500 gr conteniendo 4 sobres hidrosolubles de 125 gr c\/u.<\/strong><\/p>\n<\/td>\n<\/tr>\n<\/tbody>\n<\/table>\n","protected":false},"excerpt":{"rendered":"<p>MATADOR \u00ae Thiodicarb 75 WP Es un insecticida espec\u00edfico para el control de larvas de lepid\u00f3pteros que afecta a diversos cultivos. No afecta a insectos ben\u00e9ficos. Act\u00faa por contacto o ingesti\u00f3n inhibiendo la s\u00edntesis de la acetilcolinesterasa lo que inactiva la producci\u00f3n de la acetilcolina, con la siguiente interrupci\u00f3n del impulso nervioso. Caja x 10&#8230;<\/p>\n","protected":false},"author":2,"featured_media":0,"parent":0,"menu_order":0,"comment_status":"closed","ping_status":"closed","template":"","meta":{"footnotes":""},"class_list":["post-194","page","type-page","status-publish","hentry"],"_links":{"self":[{"href":"http:\/\/www.chemtec.com.py\/index.php?rest_route=\/wp\/v2\/pages\/194"}],"collection":[{"href":"http:\/\/www.chemtec.com.py\/index.php?rest_route=\/wp\/v2\/pages"}],"about":[{"href":"http:\/\/www.chemtec.com.py\/index.php?rest_route=\/wp\/v2\/types\/page"}],"author":[{"embeddable":true,"href":"http:\/\/www.chemtec.com.py\/index.php?rest_route=\/wp\/v2\/users\/2"}],"replies":[{"embeddable":true,"href":"http:\/\/www.chemtec.com.py\/index.php?rest_route=%2Fwp%2Fv2%2Fcomments&post=194"}],"version-history":[{"count":14,"href":"http:\/\/www.chemtec.com.py\/index.php?rest_route=\/wp\/v2\/pages\/194\/revisions"}],"predecessor-version":[{"id":337,"href":"http:\/\/www.chemtec.com.py\/index.php?rest_route=\/wp\/v2\/pages\/194\/revisions\/337"}],"wp:attachment":[{"href":"http:\/\/www.chemtec.com.py\/index.php?rest_route=%2Fwp%2Fv2%2Fmedia&parent=194"}],"curies":[{"name":"wp","href":"https:\/\/api.w.org\/{rel}","templated":true}]}}