{"id":48,"date":"2016-07-19T14:11:40","date_gmt":"2016-07-19T18:11:40","guid":{"rendered":"http:\/\/www.chemtec.com.py\/?page_id=48"},"modified":"2016-08-02T09:11:20","modified_gmt":"2016-08-02T13:11:20","slug":"servicios-de-laboratorio","status":"publish","type":"page","link":"https:\/\/www.chemtec.com.py\/?page_id=48","title":{"rendered":"Servicios de Laboratorio"},"content":{"rendered":"<p>Desde el 2012 nuestro laboratorio ofrece sus servicios a otras empresas, tanto para el control rutinario de los productos que importan, elaboran o quieran analizar.<\/p>\n<p>Desde marzo del 2009, el laboratorio de Chemtec S.A.E. trabaja bajo las Buenas Practicas de Laboratorio, lo cual est\u00e1 respaldado por el Senave, habiendo sido reconocidos como laboratorio habilitado.<\/p>\n<p>Gracias a haber obtenido nuestra acreditaci\u00f3n ISO 17025 ante el ONA en el 2010, nuestros informes de an\u00e1lisis son reconocidos para el proceso de registro de ingredientes activos (grado t\u00e9cnico o concentrados t\u00e9cnicos) y para productos formulados.<\/p>\n<p>Nuestros Servicios:<\/p>\n<ul>\n<li>An\u00e1lisis de fitosanitarios formulados (reci\u00e9n elaborados hasta en su fecha de vencimiento, para evaluar si pueden extender el mismo).<\/li>\n<li>An\u00e1lisis de fitosanitarios t\u00e9cnicos (producto activo e impurezas).<\/li>\n<li>An\u00e1lisis de grados t\u00e9cnicos y de formulados para el proceso de registro ante Senave.<\/li>\n<li>An\u00e1lisis de productos que no hayan tenido el efecto esperado.<\/li>\n<\/ul>\n<p>Algunos de nuestros\u00a0equipamientos:<\/p>\n<p>Cromatografos:\u00a0 de l\u00edquidos y de gases nos permiten cuantificar la mayor\u00eda de los ingredientes activos utilizados en los productos fitosanitarios y descritos por la FAO y la CIPAC.<\/p>\n<p>Espectrofotometros: ultravioleta-visible\u00a0 e\u00a0 infrarrojo con transformada de Fourier.<\/p>\n<p>C\u00e1maras de temperatura controlada para ensayos de estabilidad acelerada en condiciones de fr\u00edo y calor, ensayo de reactividad con metales, material de envase y de oxido-reducci\u00f3n.<\/p>\n<p>Habilitaciones y acreditaciones:<\/p>\n<ul>\n<li><b>SENAVE <\/b><b>n\u00ba LR: 00071<\/b><\/li>\n<\/ul>\n<p>Desde el 20 de marzo 2009, Habilitado en el Senave.\u00a0Ultima habilitaci\u00f3n ante Senave desde 30\/06\/2014 al 30\/06\/2019 con la siguiente capacidad anal\u00edtica:\u00a0Identificaci\u00f3n\/Cuantificaci\u00f3n de Ingrediente Activo, Identificaci\u00f3n\/Cuantificaci\u00f3n de Impureza, Propiedades F\u00edsico Qu\u00edmicas.<\/p>\n<ul>\n<li><b>Organismo <\/b><b>Nacional de <\/b><b>Acreditaci\u00f3n: <\/b><b>ONA-CA\/LE012 <\/b><\/li>\n<\/ul>\n<p>Acreditaci\u00f3n ISO 17025: 2005 otorgada con el n\u00famero: <b>ONA-CA\/LE012 <\/b>con el alcance descripto en la ficha que pueden consultar en la <a href=\"http:\/\/www.conacyt.gov.py\/laboratorios-de-ensayos\" target=\"_blank\">p\u00e1gina del Organismo Nacional de Acreditaci\u00f3n paraguayo<\/a>.<\/p>\n<p>Clientes:<\/p>\n<ul>\n<li>Cooperativa Friesland<\/li>\n<li>Cooperativa Pindo<\/li>\n<li>Colonias Unidas<\/li>\n<li>Coperbio<\/li>\n<li>CHD \u2013 Diagro<\/li>\n<li>DVA<\/li>\n<li>Evi Paraguay<\/li>\n<li>Hortec \u2013 Alag &#8211; Diagro<\/li>\n<li>Importadora Alemana<\/li>\n<li>Insol<\/li>\n<li>Insumagro<\/li>\n<\/ul>\n<ul>\n<li>Namur S.A.<\/li>\n<li>Novara<\/li>\n<li>Nortox (Brasil)<\/li>\n<li>Renpar<\/li>\n<li>Rotam Paraguay<\/li>\n<li>San Alfredo<\/li>\n<li>Silicatos del Paraguay<\/li>\n<li>TQC Paraguay<\/li>\n<li>UPL<\/li>\n<\/ul>\n<p>&nbsp;<\/p>\n<p>Puede consultar con su Directora T\u00e9cnica,\u00a0 la Dra. Marina Gutierrez<\/p>\n<p>0985 288 051 \u00a0o al \u00a00225- 952 846<\/p>\n<p>O por correo electronico:\u00a0marina@chemtec.com.py<\/p>\n","protected":false},"excerpt":{"rendered":"<p>Desde el 2012 nuestro laboratorio ofrece sus servicios a otras empresas, tanto para el control rutinario de los productos que importan, elaboran o quieran analizar. Desde marzo del 2009, el laboratorio de Chemtec S.A.E. trabaja bajo las Buenas Practicas de Laboratorio, lo cual est\u00e1 respaldado por el Senave, habiendo sido reconocidos como laboratorio habilitado. Gracias&#8230;<\/p>\n","protected":false},"author":2,"featured_media":49,"parent":0,"menu_order":0,"comment_status":"closed","ping_status":"closed","template":"","meta":{"footnotes":""},"class_list":["post-48","page","type-page","status-publish","has-post-thumbnail","hentry"],"_links":{"self":[{"href":"https:\/\/www.chemtec.com.py\/index.php?rest_route=\/wp\/v2\/pages\/48"}],"collection":[{"href":"https:\/\/www.chemtec.com.py\/index.php?rest_route=\/wp\/v2\/pages"}],"about":[{"href":"https:\/\/www.chemtec.com.py\/index.php?rest_route=\/wp\/v2\/types\/page"}],"author":[{"embeddable":true,"href":"https:\/\/www.chemtec.com.py\/index.php?rest_route=\/wp\/v2\/users\/2"}],"replies":[{"embeddable":true,"href":"https:\/\/www.chemtec.com.py\/index.php?rest_route=%2Fwp%2Fv2%2Fcomments&post=48"}],"version-history":[{"count":4,"href":"https:\/\/www.chemtec.com.py\/index.php?rest_route=\/wp\/v2\/pages\/48\/revisions"}],"predecessor-version":[{"id":362,"href":"https:\/\/www.chemtec.com.py\/index.php?rest_route=\/wp\/v2\/pages\/48\/revisions\/362"}],"wp:featuredmedia":[{"embeddable":true,"href":"https:\/\/www.chemtec.com.py\/index.php?rest_route=\/wp\/v2\/media\/49"}],"wp:attachment":[{"href":"https:\/\/www.chemtec.com.py\/index.php?rest_route=%2Fwp%2Fv2%2Fmedia&parent=48"}],"curies":[{"name":"wp","href":"https:\/\/api.w.org\/{rel}","templated":true}]}}